{"id":1094,"date":"2025-06-23T20:30:26","date_gmt":"2025-06-23T23:30:26","guid":{"rendered":"https:\/\/fernandajahjah.com.br\/loja\/?post_type=product&#038;p=1094"},"modified":"2026-03-24T21:43:39","modified_gmt":"2026-03-25T00:43:39","slug":"festa-infantil-completa-casa-na-arvore","status":"publish","type":"product","link":"https:\/\/fernandajahjah.com.br\/loja\/produto\/festa-infantil-completa-casa-na-arvore\/","title":{"rendered":"Festa Infantil Completa Casa na \u00c1rvore"},"content":{"rendered":"<p><img fetchpriority=\"high\" decoding=\"async\" class=\"size-medium wp-image-1387 aligncenter\" src=\"https:\/\/fernandajahjah.com.br\/loja\/wp-content\/uploads\/2025\/06\/fe-ago2025thayna-jorge-fotografia.jpg-24-300x200.jpg\" alt=\"\" width=\"300\" height=\"200\" srcset=\"https:\/\/fernandajahjah.com.br\/loja\/wp-content\/uploads\/2025\/06\/fe-ago2025thayna-jorge-fotografia.jpg-24-300x200.jpg 300w, https:\/\/fernandajahjah.com.br\/loja\/wp-content\/uploads\/2025\/06\/fe-ago2025thayna-jorge-fotografia.jpg-24-1024x683.jpg 1024w, https:\/\/fernandajahjah.com.br\/loja\/wp-content\/uploads\/2025\/06\/fe-ago2025thayna-jorge-fotografia.jpg-24-768x512.jpg 768w, https:\/\/fernandajahjah.com.br\/loja\/wp-content\/uploads\/2025\/06\/fe-ago2025thayna-jorge-fotografia.jpg-24-1536x1024.jpg 1536w, https:\/\/fernandajahjah.com.br\/loja\/wp-content\/uploads\/2025\/06\/fe-ago2025thayna-jorge-fotografia.jpg-24-2048x1366.jpg 2048w, https:\/\/fernandajahjah.com.br\/loja\/wp-content\/uploads\/2025\/06\/fe-ago2025thayna-jorge-fotografia.jpg-24-600x400.jpg 600w, https:\/\/fernandajahjah.com.br\/loja\/wp-content\/uploads\/2025\/06\/fe-ago2025thayna-jorge-fotografia.jpg-24-64x43.jpg 64w\" sizes=\"(max-width: 300px) 100vw, 300px\" \/><\/p>\n<p>Festa Infantil Completa Tema Casa na \u00c1rvore.<\/p>\n<p>Nossa festa &#8221; Casa na \u00c1rvore&#8221;\u00a0 traz uma decora\u00e7\u00e3o cheia de charme e exclusiva.Toda feita \u00e0 m\u00e3o com itens criativos e afetivos para os pequenos comemorarem seu anivers\u00e1rio e depois reaproveitarem todas as pe\u00e7as para brincar, decorar\u00a0 o quarto e usar em outras comemora\u00e7\u00f5es. Beleza e consci\u00eancia andam juntas aqui na nossa loja.<\/p>\n<p>Cont\u00e9m 19 itens decorativos ( 144 pe\u00e7as) exclusivos para voc\u00ea produzir a mesa do Parab\u00e9ns. S\u00e3o eles:<\/p>\n<p>Para a mesa:<\/p>\n<p>1 Toalha 100% algod\u00e3o cru com bolinhas coloridas pintada \u00e0 m\u00e3o<\/p>\n<p>Para apoio do bolo e docinhos:<\/p>\n<p>1 Boleira em Mdf\u00a0 \u00a0pintada \u00e0 m\u00e3o tamanho G (listras amarelas e brancas)<\/p>\n<p>1 Suporte em Mdf\u00a0 pintado \u00e0 m\u00e3o tamanho G( listra baunilha)<\/p>\n<p>1 Bandeja redonda em Mdf pintada \u00e0 m\u00e3o tamanho G( listras rosas e brancas)<\/p>\n<p>2 Suportes para docinhos em mdf pintados \u00e0 m\u00e3o tamanho P (amarelo e coral)<\/p>\n<p>3 Suportes para docinhos feitos em papel resistente ( lisos e estampados) tamanho M<\/p>\n<p>2 Suportes para docinhos feitos em papel resistente ( liso e xadrez) tamanho P<\/p>\n<p>1 Bandeja quadrada floral feita em papel resistente tamanho M<\/p>\n<p>Para enfeitar bolo e docinhos:<\/p>\n<p>1\u00a0 kit com 6 velas coloridas<\/p>\n<p>20 forminhas de docinhos estampadas com pompom<\/p>\n<p>20 forminhas\u00a0 de docinhos\u00a0 com detalhe em tule<\/p>\n<p>10 forminhas de doce em papel vegetal xadrez<\/p>\n<p>30 forminhas sanfonadas em tom caramelo n.5<\/p>\n<p>10 Saias de cupcake nas cores da festa<\/p>\n<p>5 Mini chap\u00e9us em papel importado (para os docinhos)<\/p>\n<p>1 Topo de bolo em tecido com desenhos pintados \u00e0 m\u00e3o<\/p>\n<p>2 Toppers em tecido para os docinhos em formato de bichos<\/p>\n<p>( p\u00e1ssaro e caracol)<\/p>\n<p>4 Toppers em tecido e papel para os docinhos em tamanhos diversos<\/p>\n<p>Para enfeitar :<\/p>\n<p>1 Bandeirola em tecido cru pintado a m\u00e3o com o nome da crian\u00e7a com at\u00e9 5 letras.(para cada letra adicional teremos acr\u00e9scimo de R$35,00 por letra)<\/p>\n<p>1 Casa na \u00c1rvore decorada com tecido, pompons,palitos e\u00a0 adere\u00e7os medindo em torno de 40cm<\/p>\n<p>1 Chap\u00e9u de festa\u00a0 com apliques e\u00a0 pompom em tecido recicl\u00e1vel<\/p>\n<p>1 vaso amarelo em mdf pintado \u00e0 m\u00e3o tamanho P<\/p>\n<p>1 vaso azul em mdf pintado \u00e0 m\u00e3o tamanho M<\/p>\n<p>5 margaridas de papel crepom italiano<\/p>\n<p>1 pacote de confeti em papel de seda<\/p>\n<p>1 globo de papel amarelo tamanho M<\/p>\n<p>2 globos de papel azul e branco tamanho P<\/p>\n<p>10 bal\u00f5es de l\u00e1tex biodegrad\u00e1veis em cores diversas ( vazios)<\/p>\n<p>Para te ajudar<\/p>\n<p>1 foto e v\u00eddeo detalhando a montagem da mesa feita por mim.<\/p>\n<p>&nbsp;<\/p>\n<p>&nbsp;<\/p>\n<p>&nbsp;<\/p>\n<p>&nbsp;<\/p>\n<p>&nbsp;<\/p>\n<p>&nbsp;<\/p>\n<p>&nbsp;<\/p>\n<p>&nbsp;<\/p>\n<p>&nbsp;<\/p>\n<p>&nbsp;<\/p>\n<p>&nbsp;<\/p>\n","protected":false},"excerpt":{"rendered":"<p style=\"text-align: center\"><img fetchpriority=\"high\" decoding=\"async\" class=\"size-medium wp-image-1387 aligncenter\" src=\"https:\/\/fernandajahjah.com.br\/loja\/wp-content\/uploads\/2025\/06\/fe-ago2025thayna-jorge-fotografia.jpg-24-300x200.jpg\" alt=\"\" width=\"300\" height=\"200\" srcset=\"https:\/\/fernandajahjah.com.br\/loja\/wp-content\/uploads\/2025\/06\/fe-ago2025thayna-jorge-fotografia.jpg-24-300x200.jpg 300w, https:\/\/fernandajahjah.com.br\/loja\/wp-content\/uploads\/2025\/06\/fe-ago2025thayna-jorge-fotografia.jpg-24-1024x683.jpg 1024w, https:\/\/fernandajahjah.com.br\/loja\/wp-content\/uploads\/2025\/06\/fe-ago2025thayna-jorge-fotografia.jpg-24-768x512.jpg 768w, https:\/\/fernandajahjah.com.br\/loja\/wp-content\/uploads\/2025\/06\/fe-ago2025thayna-jorge-fotografia.jpg-24-1536x1024.jpg 1536w, https:\/\/fernandajahjah.com.br\/loja\/wp-content\/uploads\/2025\/06\/fe-ago2025thayna-jorge-fotografia.jpg-24-2048x1366.jpg 2048w, https:\/\/fernandajahjah.com.br\/loja\/wp-content\/uploads\/2025\/06\/fe-ago2025thayna-jorge-fotografia.jpg-24-600x400.jpg 600w, https:\/\/fernandajahjah.com.br\/loja\/wp-content\/uploads\/2025\/06\/fe-ago2025thayna-jorge-fotografia.jpg-24-64x43.jpg 64w\" sizes=\"(max-width: 300px) 100vw, 300px\" \/>Decora\u00e7\u00e3o Completa(144 itens) e exclusiva no Tema &#8220;Casa na \u00c1rvore&#8221; para voc\u00ea montar a mesa sem complica\u00e7\u00e3o. Itens criativos e feitos \u00e0 m\u00e3o para os pequenos comemorarem e brincarem.<\/p>\n<p>&nbsp;<\/p>\n","protected":false},"featured_media":1433,"comment_status":"closed","ping_status":"closed","template":"","meta":[],"product_brand":[],"product_cat":[92],"product_tag":[56,47,86,46,50,107,57,55,53,54,82,44,51,58,85],"class_list":{"0":"post-1094","1":"product","2":"type-product","3":"status-publish","4":"has-post-thumbnail","6":"product_cat-festa-inteirinha","7":"product_tag-bandeirolas","8":"product_tag-bandeja","9":"product_tag-boleiras","10":"product_tag-enfeites","11":"product_tag-festa-completa","12":"product_tag-festa-infantil","13":"product_tag-flores","14":"product_tag-forminhas-de-doces","15":"product_tag-suporte-para-bolo","16":"product_tag-suporte-para-doces","17":"product_tag-toalhas","18":"product_tag-topo-de-bolo","19":"product_tag-topper-de-doces","20":"product_tag-vasos","21":"product_tag-velas","23":"first","24":"instock","25":"shipping-taxable","26":"purchasable","27":"product-type-simple"},"_links":{"self":[{"href":"https:\/\/fernandajahjah.com.br\/loja\/wp-json\/wp\/v2\/product\/1094","targetHints":{"allow":["GET"]}}],"collection":[{"href":"https:\/\/fernandajahjah.com.br\/loja\/wp-json\/wp\/v2\/product"}],"about":[{"href":"https:\/\/fernandajahjah.com.br\/loja\/wp-json\/wp\/v2\/types\/product"}],"replies":[{"embeddable":true,"href":"https:\/\/fernandajahjah.com.br\/loja\/wp-json\/wp\/v2\/comments?post=1094"}],"wp:featuredmedia":[{"embeddable":true,"href":"https:\/\/fernandajahjah.com.br\/loja\/wp-json\/wp\/v2\/media\/1433"}],"wp:attachment":[{"href":"https:\/\/fernandajahjah.com.br\/loja\/wp-json\/wp\/v2\/media?parent=1094"}],"wp:term":[{"taxonomy":"product_brand","embeddable":true,"href":"https:\/\/fernandajahjah.com.br\/loja\/wp-json\/wp\/v2\/product_brand?post=1094"},{"taxonomy":"product_cat","embeddable":true,"href":"https:\/\/fernandajahjah.com.br\/loja\/wp-json\/wp\/v2\/product_cat?post=1094"},{"taxonomy":"product_tag","embeddable":true,"href":"https:\/\/fernandajahjah.com.br\/loja\/wp-json\/wp\/v2\/product_tag?post=1094"}],"curies":[{"name":"wp","href":"https:\/\/api.w.org\/{rel}","templated":true}]}}