{"id":1645,"date":"2025-12-09T23:10:06","date_gmt":"2025-12-10T02:10:06","guid":{"rendered":"https:\/\/fernandajahjah.com.br\/loja\/?post_type=product&#038;p=1645"},"modified":"2025-12-09T23:21:06","modified_gmt":"2025-12-10T02:21:06","slug":"realejo-de-bolso-zodiaco","status":"publish","type":"product","link":"https:\/\/fernandajahjah.com.br\/loja\/produto\/realejo-de-bolso-zodiaco\/","title":{"rendered":"Realejo de Bolso Zod\u00edaco"},"content":{"rendered":"<p><img fetchpriority=\"high\" decoding=\"async\" class=\"size-medium wp-image-1646 aligncenter\" src=\"https:\/\/fernandajahjah.com.br\/loja\/wp-content\/uploads\/2025\/12\/LOJA-REALEJO-2-225x300.jpeg\" alt=\"\" width=\"225\" height=\"300\" srcset=\"https:\/\/fernandajahjah.com.br\/loja\/wp-content\/uploads\/2025\/12\/LOJA-REALEJO-2-225x300.jpeg 225w, https:\/\/fernandajahjah.com.br\/loja\/wp-content\/uploads\/2025\/12\/LOJA-REALEJO-2-768x1024.jpeg 768w, https:\/\/fernandajahjah.com.br\/loja\/wp-content\/uploads\/2025\/12\/LOJA-REALEJO-2-1152x1536.jpeg 1152w, https:\/\/fernandajahjah.com.br\/loja\/wp-content\/uploads\/2025\/12\/LOJA-REALEJO-2-1536x2048.jpeg 1536w, https:\/\/fernandajahjah.com.br\/loja\/wp-content\/uploads\/2025\/12\/LOJA-REALEJO-2-600x800.jpeg 600w, https:\/\/fernandajahjah.com.br\/loja\/wp-content\/uploads\/2025\/12\/LOJA-REALEJO-2-64x85.jpeg 64w, https:\/\/fernandajahjah.com.br\/loja\/wp-content\/uploads\/2025\/12\/LOJA-REALEJO-2-scaled.jpeg 1920w\" sizes=\"(max-width: 225px) 100vw, 225px\" \/>Voc\u00ea conhece o realejo tradicional, com o p\u00e1ssaro que puxa um papel com a sorte ao acaso?O de Bolso Zod\u00edaco vem com 200 mensagens l\u00fadicas sobre o signo escolhido,em caixinha de papel cartonada,entregue em saquinho de organza e com cart\u00e3o de\/para<\/p>\n","protected":false},"excerpt":{"rendered":"<p><img decoding=\"async\" class=\"size-medium wp-image-1647 aligncenter\" src=\"https:\/\/fernandajahjah.com.br\/loja\/wp-content\/uploads\/2025\/12\/LOJA-REALEJO-3-225x300.jpeg\" alt=\"\" width=\"225\" height=\"300\" srcset=\"https:\/\/fernandajahjah.com.br\/loja\/wp-content\/uploads\/2025\/12\/LOJA-REALEJO-3-225x300.jpeg 225w, https:\/\/fernandajahjah.com.br\/loja\/wp-content\/uploads\/2025\/12\/LOJA-REALEJO-3-768x1024.jpeg 768w, https:\/\/fernandajahjah.com.br\/loja\/wp-content\/uploads\/2025\/12\/LOJA-REALEJO-3-1152x1536.jpeg 1152w, https:\/\/fernandajahjah.com.br\/loja\/wp-content\/uploads\/2025\/12\/LOJA-REALEJO-3-1536x2048.jpeg 1536w, https:\/\/fernandajahjah.com.br\/loja\/wp-content\/uploads\/2025\/12\/LOJA-REALEJO-3-600x800.jpeg 600w, https:\/\/fernandajahjah.com.br\/loja\/wp-content\/uploads\/2025\/12\/LOJA-REALEJO-3-64x85.jpeg 64w, https:\/\/fernandajahjah.com.br\/loja\/wp-content\/uploads\/2025\/12\/LOJA-REALEJO-3-scaled.jpeg 1920w\" sizes=\"(max-width: 225px) 100vw, 225px\" \/><\/p>\n<p>Um presente super criativo com 200 mensagens l\u00fadicas sobre o signo escolhido.<\/p>\n<p>Puxe um cart\u00e3o ao acaso para refletir com as mensagens e divirta.se!<\/p>\n","protected":false},"featured_media":1651,"comment_status":"open","ping_status":"closed","template":"","meta":[],"product_brand":[],"product_cat":[15],"product_tag":[109,110],"class_list":{"0":"post-1645","1":"product","2":"type-product","3":"status-publish","4":"has-post-thumbnail","6":"product_cat-e-pra-presente","7":"product_tag-horoscopo","8":"product_tag-presente","10":"first","11":"instock","12":"shipping-taxable","13":"purchasable","14":"product-type-variable"},"_links":{"self":[{"href":"https:\/\/fernandajahjah.com.br\/loja\/wp-json\/wp\/v2\/product\/1645","targetHints":{"allow":["GET"]}}],"collection":[{"href":"https:\/\/fernandajahjah.com.br\/loja\/wp-json\/wp\/v2\/product"}],"about":[{"href":"https:\/\/fernandajahjah.com.br\/loja\/wp-json\/wp\/v2\/types\/product"}],"replies":[{"embeddable":true,"href":"https:\/\/fernandajahjah.com.br\/loja\/wp-json\/wp\/v2\/comments?post=1645"}],"wp:featuredmedia":[{"embeddable":true,"href":"https:\/\/fernandajahjah.com.br\/loja\/wp-json\/wp\/v2\/media\/1651"}],"wp:attachment":[{"href":"https:\/\/fernandajahjah.com.br\/loja\/wp-json\/wp\/v2\/media?parent=1645"}],"wp:term":[{"taxonomy":"product_brand","embeddable":true,"href":"https:\/\/fernandajahjah.com.br\/loja\/wp-json\/wp\/v2\/product_brand?post=1645"},{"taxonomy":"product_cat","embeddable":true,"href":"https:\/\/fernandajahjah.com.br\/loja\/wp-json\/wp\/v2\/product_cat?post=1645"},{"taxonomy":"product_tag","embeddable":true,"href":"https:\/\/fernandajahjah.com.br\/loja\/wp-json\/wp\/v2\/product_tag?post=1645"}],"curies":[{"name":"wp","href":"https:\/\/api.w.org\/{rel}","templated":true}]}}